 332644923 and 117.
117
Calculate the highest common factor of 5211888 and 95568.
528
Calculate the highest common factor of 153028 and 11926.
134
What is the greatest common factor of 265101 and 15?
3
What is the greatest common factor of 114670227 and 1743?
1743
What is the greatest common factor of 935 and 42977?
11
What is the greatest common divisor of 13254 and 264042?
6
Calculate the highest common factor of 6145020 and 293580.
1260
Calculate the greatest common divisor of 2779010 and 40430.
130
What is the highest common divisor of 69230 and 905326?
46
Calculate the highest common divisor of 95637728 and 372.
124
Calculate the highest common divisor of 1619 and 139598275.
1619
Calculate the greatest common factor of 388211120 and 110.
110
What is the highest common factor of 9875 and 738050?
25
Calculate the greatest common factor of 333 and 88497.
9
Calculate the highest common factor of 31734994 and 28334.
914
Calculate the greatest common factor of 382740 and 1110.
30
What is the greatest common factor of 179035 and 9979?
587
Calculate the greatest common divisor of 312 and 1561417.
13
Calculate the highest common factor of 442815 and 5415.
15
Calculate the highest common factor of 288 and 11632.
16
Calculate the greatest common factor of 246 and 101254707.
123
What is the highest common divisor of 83704320 and 9072?
3024
Calculate the greatest common factor of 601172 and 923.
13
What is the greatest common factor of 70 and 6207187?
7
Calculate the greatest common factor of 14259 and 391608.
147
What is the greatest common factor of 1071 and 3896842?
17
Calculate the highest common divisor of 93 and 289250491.
31
Calculate the greatest common divisor of 2392 and 44166256.
184
What is the greatest common factor of 60 and 18312260?
20
What is the greatest common factor of 290745 and 35139888?
4473
Calculate the greatest common factor of 1555372 and 1612.
52
Calculate the highest common factor of 4905641 and 11759.
1069
Calculate the highest common factor of 4008886 and 38437.
133
Calculate the greatest common factor of 4512 and 13480352.
1504
Calculate the greatest common divisor of 5402 and 7100564.
146
Calculate the greatest common factor of 6 and 476372346.
6
Calculate the highest common divisor of 19293 and 725523.
177
What is the greatest common factor of 4 and 20047253?
1
Calculate the highest common factor of 42057341 and 543.
181
What is the greatest common divisor of 432 and 102608478?
54
What is the highest common factor of 9 and 40896549?
9
Calculate the greatest common divisor of 377437185 and 513.
513
Calculate the greatest common divisor of 24 and 360460974.
6
What is the highest common divisor of 204169500 and 472?
236
Calculate the greatest common divisor of 5928 and 38287470.
1482
What is the highest common factor of 738330 and 180?
30
What is the greatest common divisor of 1241 and 296684629?
1241
What is the greatest common factor of 69242 and 243326?
178
Calculate the greatest common factor of 107436628 and 419.
419
What is the greatest common factor of 301 and 46545006?
43
What is the greatest common factor of 28839049 and 159?
53
What is the greatest common divisor of 840 and 97420008?
168
Calculate the greatest common factor of 16831819 and 17459.
1343
What is the greatest common factor of 225864153 and 9?
9
Calculate the greatest common divisor of 642868 and 38752.
692
What is the greatest common divisor of 1078 and 4478551?
539
Calculate the highest common factor of 138960 and 1529525.
965
What is the greatest common divisor of 1446796920 and 10?
10
Calculate the highest common divisor of 1680 and 76793360.
560
Calculate the highest common divisor of 238417151 and 5306.
2653
What is the greatest common factor of 699779 and 107901?
631
What is the highest common divisor of 8173896 and 8?
8
Calculate the highest common divisor of 1122882 and 8370.
186
Calculate the highest common divisor of 198679 and 53737.
493
What is the highest common divisor of 31958982 and 132?
66
What is the greatest common divisor of 6 and 187636719?
3
What is the greatest common divisor of 117 and 23904387?
117
What is the highest common factor of 2745976 and 45628?
4148
What is the greatest common factor of 17185370 and 460?
230
What is the greatest common factor of 10325132 and 29018?
2638
Calculate the highest common factor of 5232855 and 24990.
255
What is the greatest common factor of 27044 and 86036?
4
Calculate the greatest common factor of 958681 and 51.
17
Calculate the highest common divisor of 440 and 146011140.
220
What is the greatest common divisor of 61516 and 62276162?
4394
What is the greatest common factor of 1188 and 4699728?
1188
What is the highest common factor of 2141 and 244234575?
2141
What is the highest common divisor of 2898911 and 14656?
229
Calculate the greatest common divisor of 2262 and 3758664.
78
Calculate the highest common factor of 2522 and 27048062.
194
What is the highest common divisor of 488554278 and 21288?
5322
Calculate the highest common divisor of 611013570 and 1087.
1087
What is the highest common divisor of 24375 and 1474161?
39
What is the greatest common factor of 71743 and 199717?
1939
What is the highest common factor of 124941615 and 15?
15
Calculate the highest common divisor of 358 and 368801039.
179
Calculate the highest common factor of 96824 and 291536.
1064
Calculate the highest common divisor of 1705 and 50229.
1
What is the highest common factor of 7048304 and 22912?
2864
What is the greatest common factor of 9576 and 205751?
133
What is the highest common divisor of 171 and 138615?
3
Calculate the highest common factor of 13608 and 124173.
1701
Calculate the highest common divisor of 17954 and 418112.
94
Calculate the greatest common divisor of 149796 and 3796.
292
What is the highest common factor of 1276 and 1067548?
116
What is the highest common divisor of 335404 and 2292321?
1181
Calculate the greatest common divisor of 17020887 and 14380.
719
Calculate the greatest common factor of 28 and 5799122.
14
Calculate the highest common divisor of 4588 and 889108520.
4588
What is the greatest common divisor of 122410 and 95210?
10
Calculate the greatest common divisor of 23088764 and 9469.
557
What is the greatest common divisor of 241192 and 4215896?
584
What is the greatest common factor of 50234665 and 26?
13
What is the highest common divisor of 1659 and 7434?
21
What is the greatest common divisor of 256 and 17555968?
256
What is the greatest common factor of 22121 and 28259?
11
Calculate the highest common divisor of 2433753 and 54.
27
What is the highest common factor of 16601 and 288856123?
1277
What is the greatest common divisor of 123 and 133175667?
123
What is the highest common factor of 872 and 212335924?
436
What is the greatest common factor of 392 and 6076776?
8
What is the highest common factor of 4069186 and 592?
74
Calculate the greatest common divisor of 143642105 and 10.
5
Calculate the highest common divisor of 790080 and 8770.
10
What is the greatest common divisor of 7319944 and 179024?
1336
What is the highest common factor of 1084 and 10940270?
542
Calculate the greatest common divisor of 50507 and 12937.
17
Calculate the greatest common factor of 73357360 and 46280.
3560
What is the highest common divisor of 260832 and 58168?
88
What is the greatest common factor of 34506375 and 4350?
2175
What is the highest common factor of 726957 and 4158?
693
Calculate the highest common divisor of 94320 and 131.
131
Calculate the highest common divisor of 92412 and 173808.
612
What is the highest common factor of 2756005 and 1225?
245
What is the highest common divisor of 10109606 and 17108?
1222
What is the greatest common factor of 88 and 11770672?
8
What is the highest common factor of 3528963 and 17352?
2169
Calculate the highest common factor of 3045 and 1971855.
435
Calculate the greatest common divisor of 169708 and 6776546.
406
Calculate the greatest common factor of 33 and 5299624.
11
What is the greatest common divisor of 8361 and 385454177?
929
What is the highest common divisor of 468 and 728430651?
117
Calculate the greatest common factor of 17424 and 1210242.
726
Calculate the greatest common factor of 1504 and 341313248.
1504
What is the gre